{"id":5757,"date":"2024-02-10T16:25:01","date_gmt":"2024-02-10T15:25:01","guid":{"rendered":"https:\/\/www.kros-stirin.cz\/?page_id=5757"},"modified":"2024-02-10T16:25:01","modified_gmt":"2024-02-10T15:25:01","slug":"vysledky-2018","status":"publish","type":"page","link":"https:\/\/www.kros-stirin.cz\/index.php\/vysledky-2018\/","title":{"rendered":"V\u00fdsledky 2018"},"content":{"rendered":"<h1><a href=\"https:\/\/results.onlinesystem.cz\/Results\/Index?year=2022&amp;month=2&amp;sport=0&amp;searchText=Kros+%C5%A0ti%C5%99%C3%ADn\">V\u00fdsledky ro\u010dn\u00edku 2018<\/a><\/h1>\n","protected":false},"excerpt":{"rendered":"<p>V\u00fdsledky ro\u010dn\u00edku 2018<\/p>\n","protected":false},"author":2,"featured_media":0,"parent":0,"menu_order":0,"comment_status":"closed","ping_status":"closed","template":"","meta":{"inline_featured_image":false,"footnotes":""},"class_list":["post-5757","page","type-page","status-publish","hentry","","tg-column-two"],"_links":{"self":[{"href":"https:\/\/www.kros-stirin.cz\/index.php\/wp-json\/wp\/v2\/pages\/5757","targetHints":{"allow":["GET"]}}],"collection":[{"href":"https:\/\/www.kros-stirin.cz\/index.php\/wp-json\/wp\/v2\/pages"}],"about":[{"href":"https:\/\/www.kros-stirin.cz\/index.php\/wp-json\/wp\/v2\/types\/page"}],"author":[{"embeddable":true,"href":"https:\/\/www.kros-stirin.cz\/index.php\/wp-json\/wp\/v2\/users\/2"}],"replies":[{"embeddable":true,"href":"https:\/\/www.kros-stirin.cz\/index.php\/wp-json\/wp\/v2\/comments?post=5757"}],"version-history":[{"count":1,"href":"https:\/\/www.kros-stirin.cz\/index.php\/wp-json\/wp\/v2\/pages\/5757\/revisions"}],"predecessor-version":[{"id":5758,"href":"https:\/\/www.kros-stirin.cz\/index.php\/wp-json\/wp\/v2\/pages\/5757\/revisions\/5758"}],"wp:attachment":[{"href":"https:\/\/www.kros-stirin.cz\/index.php\/wp-json\/wp\/v2\/media?parent=5757"}],"curies":[{"name":"wp","href":"https:\/\/api.w.org\/{rel}","templated":true}]}}